units digit of (2 - 17)*m/(-25)?
8
Let w = 523 + 104. What is the hundreds digit of w?
6
What is the tens digit of ((-25)/(-15) + -5)*-30?
0
Let j = -1002 - -1027. What is the tens digit of j?
2
Suppose -2*w + 0 + 10 = 0. Suppose -5*h - 25 = -w*z, 2*z + 4*h - 9 = 1. Suppose 117 = 5*o - d, z*o = 2*o - 5*d + 59. What is the units digit of o?
3
What is the hundreds digit of 4*713 + (-30)/18*3?
8
What is the tens digit of 3 - 3774/(-15) - (-21)/(-35)?
5
Suppose -4*c + 26 + 8 = z, z = -c + 7. Let s be -2*24/c*-3. Suppose 0 = -3*d + 50 + s. What is the tens digit of d?
2
Let t(z) = -2*z + 2. Let w be t(4). Let n = 10 + w. Suppose -n*y + 53 = 1. What is the units digit of y?
3
Let o = -44 + 61. Let n(y) = y**3 - 18*y**2 + 24*y - 9. What is the tens digit of n(o)?
1
Let l(o) = -22*o + 11. Let x(z) = z**2 + 4*z - 2. Let g be x(-2). What is the units digit of l(g)?
3
Let k = 1682 + 2757. What is the tens digit of k?
3
Let c = 637 - 373. What is the tens digit of c?
6
Suppose 99 - 107 = -2*o. Let y(t) = 30*t + 17. What is the units digit of y(o)?
7
Let y be (-10)/(-4) + (-1)/(-2). Suppose -y*d - 40 = -d. Let w = 29 + d. What is the units digit of w?
9
Let v = -139 + 207. Let i = 124 - v. Suppose 0*n - i = -4*n. What is the units digit of n?
4
Let j(g) = 2*g**2 - 2*g + 16. Let d be j(-7). Suppose -3*l = l - d. What is the tens digit of l?
3
Let k(r) = -r**2 - 9*r + 341. What is the hundreds digit of k(0)?
3
Let k be 4/(-15)*(-205)/2*-6. Let o = k - -241. What is the tens digit of o?
7
Let f be ((-42)/28)/(6/(-16)). Suppose 75 = -3*g + 2*g + f*t, -t = 0. Let l = g + 114. What is the tens digit of l?
3
Suppose -3*r = 5*g - 4704, 5*r + 2832 = 3*g + 2*r. What is the units digit of g?
2
Let b(h) = 36*h**2 - 61*h + 333. What is the hundreds digit of b(7)?
6
Let h be 39/7 - 48/84. Suppose 3*i + 21 = d + 1, h*i + 5 = -4*d. Suppose 2*q - d*q = -111. What is the units digit of q?
7
Let r(w) = w**3 - 30*w**2 + 71*w + 75. What is the hundreds digit of r(30)?
2
Let z(b) = 60*b - 4. Let n be z(2). Suppose 4*u - n - 124 = 0. What is the units digit of u?
0
Let s = 170 + -289. Let f = -26 - s. What is the units digit of f?
3
Suppose 0*x + x = 0. Suppose w = -x*w + 12. Suppose 2*s + 2*s = w. What is the units digit of s?
3
Suppose -3*b - 1557 = 2*o - 5*o, b - 2086 = -4*o. Suppose -5*l + 199 = -o. What is the units digit of l?
4
Let d(h) = -20*h - 52. Let a(y) = -3*y - 8. Let r(f) = 32*a(f) - 5*d(f). What is the units digit of r(9)?
0
Let j be ((-3)/2)/((-3)/(-16)). Let p = j - -9. What is the units digit of p?
1
Let o be ((-1)/(-3))/(2/6). Let i(f) be the second derivative of 7*f**5/5 - f**4/12 + f**2/2 - 74*f. What is the units digit of i(o)?
8
Let s be (120/(-16))/(3/(-8)). Suppose -45 - s = -5*z. Let o = z - -9. What is the tens digit of o?
2
Let l(b) = 11*b**2 + 46*b - 18. What is the units digit of l(9)?
7
Suppose -3*i + 1 = -4*y + 74, i = 5*y - 105. Suppose 5*u - y - 218 = 0. Let a = 95 - u. What is the tens digit of a?
4
Let m = 910 + 1452. What is the thousands digit of m?
2
Let o(x) = 21*x**3 - x**2 - 4*x - 10. What is the hundreds digit of o(4)?
3
Let l(u) be the third derivative of -u**6/120 + 3*u**5/20 - u**4/6 - 5*u**3/6 - 13*u**2. What is the units digit of l(7)?
5
Let n(r) = 3*r**2 - 4. Let a(p) = -p - 4. Let l(z) = -z + 4. Let g be l(4). Let o be a(g). What is the units digit of n(o)?
4
Suppose -2*h + v + 45 = -2*v, 5*h + v - 121 = 0. Suppose -20*r = -22*r + h. What is the units digit of r?
2
Let j(s) = -25*s**2 - 4*s - 1. Let z(r) = -r**2 + 3*r - r + 2*r - 5*r. Let x(b) = -j(b) + 6*z(b). What is the tens digit of x(2)?
7
Let j(q) = -q**3 + 4. Let i be j(0). Suppose 0*l = i*l - 2*c - 6, 5*l + 5*c = -15. Suppose 2*k = -l*k + 24. What is the units digit of k?
2
Let g = 381 + 369. What is the hundreds digit of g?
7
Suppose 4*v = v + 30. What is the units digit of (v/(-15)*33)/(-1)?
2
Let a = -9 + 8. Let i be (0/4 - -45)/a. What is the units digit of (2*3)/((-9)/i)?
0
Let t = 694 - 56. What is the units digit of t?
8
Suppose -x = 4*h + 2*x + 19, 0 = 4*x - 12. Let a = 9 + h. What is the tens digit of ((-13)/a)/(3/(-12))?
2
Suppose -s + 2*s - 176 = 0. Let v = -109 + s. What is the tens digit of v?
6
Let u = -9 + 10. What is the hundreds digit of 86/(0 + u/(4 + -2))?
1
Let w(v) = -2*v - 20. Let h(s) = s + 7. Suppose 3*c - 9 = 0, -3*m = -0*m + 3*c - 24. Let b(l) = m*w(l) + 14*h(l). What is the units digit of b(7)?
6
Let z be 45/24 - (-1)/8. Suppose -2*w - z*m - m = -108, -4*w + 4*m = -256. What is the tens digit of w?
6
Let b = 87 + -80. Suppose -b*g = -6*g - 21. What is the tens digit of g?
2
Let q = -548 + 535. Let d be (-4)/10*(-20)/1. Let w = d - q. What is the tens digit of w?
2
Let t(o) = 14*o - 4. Let w be (-4 + 30/9)*-9. What is the units digit of t(w)?
0
Suppose -4150 = -5*c + 5*y, 7*c - 2*c = 4*y + 4153. What is the units digit of c?
3
Let t(m) = -m**2 - 9*m + 43. Let z be t(-13). What is the tens digit of z/(54/(-480)) - (4 - 1)?
7
Suppose 0 = i + 5*t - 43, 10 = -2*i + 4*t + 82. Suppose 0 = -3*y + 6. Suppose 0 = 3*o + 3*q - 66, 0*o - y*o + 4*q = -i. What is the tens digit of o?
2
Let y(c) = c - 4 + 2 + 0*c. Let k be y(-7). What is the tens digit of (-6)/(2/k*1)?
2
Let o = 558 - 395. What is the hundreds digit of o?
1
Let t = 91 + -89. Suppose -5*y = -2*h + 347, -5*h + 4*h + 151 = t*y. What is the tens digit of h?
6
Suppose 0*b - 4*g = 2*b + 8, 5*g + 28 = -4*b. Let v be (24/10)/(b/(-60)). Suppose 3*p - 48 = -v. What is the units digit of p?
2
Suppose 2*u - 3*s + 4*s = 5, 5*u - 5 = -5*s. Suppose 2 = -2*c, -u*r - 1 = -c - 2. Suppose r = 3*z - 2 - 7. What is the units digit of z?
3
Suppose -2*i + 11 = -w, -3*w - 6 = -3*i + 2*w. Let r = i + -4. Let q(k) = k**3 - 2*k + 4. What is the tens digit of q(r)?
2
Let h = 632 - -23. What is the tens digit of h?
5
Let i(s) = 9*s. Let v be i(-1). Let n be (-1)/((v/3)/15). Suppose -n*t = -t - 28. What is the units digit of t?
7
Suppose -1005 = -4*b - 5*j - 104, 3*b = j + 671. What is the tens digit of b?
2
Let p(r) = -r**2 + 3. Let q be p(0). Suppose -5*h - 33 = -q. What is the tens digit of (170/(-5))/(4/h)?
5
Suppose 6 = 3*o - 0*o. Let a(l) = -6*l**3 + 5*l**2 - 4*l + 5. Let r(q) = q**3 - q**2 - 1. Let c(p) = -a(p) - 2*r(p). What is the tens digit of c(o)?
2
Let q(t) = -t**2 - 5*t - 4. Let j be q(-3). Suppose y = -j*f - 16 + 79, 228 = 4*y + 2*f. What is the units digit of y?
5
Let c = 38 - 31. What is the tens digit of (77/2)/c*10?
5
Suppose 3386 = 10*q - 414. What is the tens digit of q?
8
Let x = 558 - 58. What is the hundreds digit of x?
5
Let y(h) = -241*h - 66. What is the thousands digit of y(-8)?
1
Let t = 2116 + -1072. Suppose -19*f + t = -7*f. What is the units digit of f?
7
Suppose -20*k + 390 = -14*k. What is the units digit of k?
5
Let g(m) = m**2 - 50*m - 622. What is the thousands digit of g(-25)?
1
Let k(o) = -21*o + 8. What is the units digit of k(-29)?
7
Let y(v) = -259*v - 1. Let x be y(-1). Suppose -x = -2*c - c. Suppose 2*j = c - 8. What is the units digit of j?
9
Let q(d) = 3*d**3 + 21*d**2 + 3*d + 28. Let m be q(-7). Suppose 0 = 4*b - 0*b - 108. Let n = b - m. What is the units digit of n?
0
Let o = -24 + 42. Let u = o + -13. Suppose 100 = u*r + 30. What is the units digit of r?
4
Suppose 6*y = 72 + 48. Suppose q + y = 3*q - 4*i, -5*q - i = 5. Suppose 5*b - 74 = -0*g - g, 5*b + 2*g - 73 = q. What is the units digit of b?
5
Let p be (-3962)/(-10) - 8/40. Suppose -4*j - 3*u + 112 = -p, -112 = -j + 3*u. Let a = j + -86. What is the units digit of a?
8
What is the hundreds digit of 1/(-9 - 179616/(-19956))?
6
Suppose -3*m + 4*g + 445 = 0, -2*m = -m - 5*g - 130. What is the units digit of m?
5
Let n be 7/21 + 38/(-6) + 3. What is the units digit of (179/2)/(-4*n/24)?
9
Let i = 5218 + -2333. What is the tens digit of i?
8
Let g(k) = -8*k - 1. Let p be g(-1). Suppose l + l - 6 = 0. What is the tens digit of (p + -2 + l)*5?
4
Let n(w) = 2*w**2 + 2*w + 2. Let j(p) = p**3 - 10*p**2 + 18*p - 11. Let r be j(8). What is the tens digit of n(r)?
6
Let o(b) = b**3 + 2*b**2 - 6*b - 6. Let c be o(-3). What is the tens digit of (-590)/(-8) + c/(-4)?
7
Let a be ((-18)/27)/((-2)/(-3)) + -46. Let v = 77 + a. What is the tens digit of v?
3
Suppose 0 = 108*j - 102*j - 18. Let y be 15/2*(-8)/(-6). Suppose -y = -j*w - 